{"id":2287,"date":"2024-04-02T07:45:47","date_gmt":"2024-04-02T07:45:47","guid":{"rendered":"https:\/\/painless-app.de\/?page_id=2287"},"modified":"2024-05-15T06:48:53","modified_gmt":"2024-05-15T06:48:53","slug":"mein-account","status":"publish","type":"page","link":"https:\/\/painless-app.de\/index.php\/mein-account\/","title":{"rendered":"Mein Account"},"content":{"rendered":"\t\t<div data-elementor-type=\"wp-page\" data-elementor-id=\"2287\" class=\"elementor elementor-2287\" data-elementor-post-type=\"page\">\n\t\t\t\t<div class=\"elementor-element elementor-element-2985a48 e-flex e-con-boxed e-con e-parent\" data-id=\"2985a48\" data-element_type=\"container\" data-e-type=\"container\">\n\t\t\t\t\t<div class=\"e-con-inner\">\n\t\t\t\t<div class=\"elementor-element elementor-element-e280074 elementor-widget elementor-widget-heading\" data-id=\"e280074\" data-element_type=\"widget\" data-e-type=\"widget\" data-widget_type=\"heading.default\">\n\t\t\t\t<div class=\"elementor-widget-container\">\n\t\t\t\t\t<h1 class=\"elementor-heading-title elementor-size-default\">Mein Account<\/h1>\t\t\t\t<\/div>\n\t\t\t\t<\/div>\n\t\t\t\t<div class=\"elementor-element elementor-element-2eef565 elementor-widget elementor-widget-heading\" data-id=\"2eef565\" data-element_type=\"widget\" data-e-type=\"widget\" data-widget_type=\"heading.default\">\n\t\t\t\t<div class=\"elementor-widget-container\">\n\t\t\t\t\t<h3 class=\"elementor-heading-title elementor-size-default\">Meinen Pain-Less-Account schlie\u00dfen<\/h3>\t\t\t\t<\/div>\n\t\t\t\t<\/div>\n\t\t\t\t<div class=\"elementor-element elementor-element-ac5b618 elementor-widget elementor-widget-text-editor\" data-id=\"ac5b618\" data-element_type=\"widget\" data-e-type=\"widget\" data-widget_type=\"text-editor.default\">\n\t\t\t\t<div class=\"elementor-widget-container\">\n\t\t\t\t\t\t\t\t\t<p>Du m\u00f6chtest Deinen Pain Less-Account l\u00f6schen? Schade!<\/p><p>Um deinen Account zu l\u00f6schen, schreibe uns eine E-Mail an [<a href=\"mailto:painless@smart-q.de\">painless@smart-q.de<\/a>]. Bitte benutze hierbei die E-Mail- Adresse, die in deinem Pain Less Account hinterlegt ist. Wir best\u00e4tigen dir zeitnah die L\u00f6schung deines Accounts per E-Mail.<\/p><p>Bitte beachte, dass du etwaig abgeschlossene Abos\u00a0 nur \u00fcber den App Store bzw. den Google Play Store k\u00fcndigen kannst.<\/p>\t\t\t\t\t\t\t\t<\/div>\n\t\t\t\t<\/div>\n\t\t\t\t\t<\/div>\n\t\t\t\t<\/div>\n\t\t\t\t<\/div>\n\t\t","protected":false},"excerpt":{"rendered":"<p>Mein Account Meinen Pain-Less-Account schlie\u00dfen Du m\u00f6chtest Deinen Pain Less-Account l\u00f6schen? Schade! Um deinen Account zu l\u00f6schen, schreibe uns eine E-Mail an [painless@smart-q.de]. Bitte benutze hierbei die E-Mail- Adresse, die in deinem Pain Less Account hinterlegt ist. Wir best\u00e4tigen dir zeitnah die L\u00f6schung deines Accounts per E-Mail. Bitte beachte, dass du etwaig abgeschlossene Abos\u00a0 nur [&hellip;]<\/p>\n","protected":false},"author":1,"featured_media":0,"parent":0,"menu_order":0,"comment_status":"closed","ping_status":"closed","template":"","meta":{"footnotes":""},"class_list":["post-2287","page","type-page","status-publish","hentry"],"_links":{"self":[{"href":"https:\/\/painless-app.de\/index.php\/wp-json\/wp\/v2\/pages\/2287","targetHints":{"allow":["GET"]}}],"collection":[{"href":"https:\/\/painless-app.de\/index.php\/wp-json\/wp\/v2\/pages"}],"about":[{"href":"https:\/\/painless-app.de\/index.php\/wp-json\/wp\/v2\/types\/page"}],"author":[{"embeddable":true,"href":"https:\/\/painless-app.de\/index.php\/wp-json\/wp\/v2\/users\/1"}],"replies":[{"embeddable":true,"href":"https:\/\/painless-app.de\/index.php\/wp-json\/wp\/v2\/comments?post=2287"}],"version-history":[{"count":13,"href":"https:\/\/painless-app.de\/index.php\/wp-json\/wp\/v2\/pages\/2287\/revisions"}],"predecessor-version":[{"id":2530,"href":"https:\/\/painless-app.de\/index.php\/wp-json\/wp\/v2\/pages\/2287\/revisions\/2530"}],"wp:attachment":[{"href":"https:\/\/painless-app.de\/index.php\/wp-json\/wp\/v2\/media?parent=2287"}],"curies":[{"name":"wp","href":"https:\/\/api.w.org\/{rel}","templated":true}]}}